{"id":3544,"date":"2021-10-28T00:32:29","date_gmt":"2021-10-28T00:32:29","guid":{"rendered":"https:\/\/www.neuroscan.com.br\/2021\/2021\/?page_id=3544"},"modified":"2021-10-28T00:52:16","modified_gmt":"2021-10-28T00:52:16","slug":"formulario-pre-exame-cintilografia-do-miocardio","status":"publish","type":"page","link":"https:\/\/www.neuroscan.com.br\/2021\/formularios-pre-exame-de-imagem\/formulario-pre-exame-cintilografia-do-miocardio\/","title":{"rendered":"Formul\u00e1rio Pr\u00e9-exame &#8211; Cintilografia do Mioc\u00e1rdio"},"content":{"rendered":"\t\t<div data-elementor-type=\"wp-page\" data-elementor-id=\"3544\" class=\"elementor elementor-3544\">\n\t\t\t\t\t\t\t\t\t<section class=\"elementor-section elementor-top-section elementor-element elementor-element-f8c548b elementor-section-boxed elementor-section-height-default elementor-section-height-default\" data-id=\"f8c548b\" data-element_type=\"section\">\n\t\t\t\t\t\t<div class=\"elementor-container elementor-column-gap-default\">\n\t\t\t\t\t<div class=\"elementor-column elementor-col-100 elementor-top-column elementor-element elementor-element-8d2303e\" data-id=\"8d2303e\" data-element_type=\"column\">\n\t\t\t<div class=\"elementor-widget-wrap elementor-element-populated\">\n\t\t\t\t\t\t\t\t<div class=\"elementor-element elementor-element-5bfce45 elementor-widget elementor-widget-html\" data-id=\"5bfce45\" data-element_type=\"widget\" data-widget_type=\"html.default\">\n\t\t\t\t<div class=\"elementor-widget-container\">\n\t\t\t<iframe loading=\"lazy\" src=\"https:\/\/www.neuroscan.com.br\/2021\/formulario-pre-exame\/index.php\/cintilografia-do-miocardio\" width=\"1100\" height=\"1200\" allow=\"fullscreen\"><\/iframe>\t\t<\/div>\n\t\t\t\t<\/div>\n\t\t\t\t\t<\/div>\n\t\t<\/div>\n\t\t\t\t\t\t\t<\/div>\n\t\t<\/section>\n\t\t\t\t\t\t\t<\/div>\n\t\t","protected":false},"excerpt":{"rendered":"","protected":false},"author":1,"featured_media":0,"parent":3529,"menu_order":0,"comment_status":"closed","ping_status":"closed","template":"","meta":{"footnotes":""},"yoast_head":"<!-- This site is optimized with the Yoast SEO Premium plugin v18.0 (Yoast SEO v21.4) - https:\/\/yoast.com\/wordpress\/plugins\/seo\/ -->\n<title>Formul\u00e1rio Pr\u00e9-exame - Cintilografia do Mioc\u00e1rdio - Portal da Neuroscan<\/title>\n<meta name=\"robots\" content=\"noindex, follow, max-snippet:-1, max-image-preview:large, max-video-preview:-1\" \/>\n<meta property=\"og:locale\" content=\"pt_BR\" \/>\n<meta property=\"og:type\" content=\"article\" \/>\n<meta property=\"og:title\" content=\"Formul\u00e1rio Pr\u00e9-exame - Cintilografia do Mioc\u00e1rdio\" \/>\n<meta property=\"og:url\" content=\"https:\/\/www.neuroscan.com.br\/2021\/formularios-pre-exame-de-imagem\/formulario-pre-exame-cintilografia-do-miocardio\/\" \/>\n<meta property=\"og:site_name\" content=\"Portal da Neuroscan\" \/>\n<meta property=\"article:publisher\" content=\"https:\/\/www.facebook.com\/Neuroscan-2411048528910469\/\" \/>\n<meta property=\"article:modified_time\" content=\"2021-10-28T00:52:16+00:00\" \/>\n<meta name=\"twitter:card\" content=\"summary_large_image\" \/>\n<script type=\"application\/ld+json\" class=\"yoast-schema-graph\">{\"@context\":\"https:\/\/schema.org\",\"@graph\":[{\"@type\":\"WebPage\",\"@id\":\"https:\/\/www.neuroscan.com.br\/2021\/formularios-pre-exame-de-imagem\/formulario-pre-exame-cintilografia-do-miocardio\/\",\"url\":\"https:\/\/www.neuroscan.com.br\/2021\/formularios-pre-exame-de-imagem\/formulario-pre-exame-cintilografia-do-miocardio\/\",\"name\":\"Formul\u00e1rio Pr\u00e9-exame - Cintilografia do Mioc\u00e1rdio - Portal da Neuroscan\",\"isPartOf\":{\"@id\":\"https:\/\/www.neuroscan.com.br\/2021\/#website\"},\"datePublished\":\"2021-10-28T00:32:29+00:00\",\"dateModified\":\"2021-10-28T00:52:16+00:00\",\"breadcrumb\":{\"@id\":\"https:\/\/www.neuroscan.com.br\/2021\/formularios-pre-exame-de-imagem\/formulario-pre-exame-cintilografia-do-miocardio\/#breadcrumb\"},\"inLanguage\":\"pt-BR\",\"potentialAction\":[{\"@type\":\"ReadAction\",\"target\":[\"https:\/\/www.neuroscan.com.br\/2021\/formularios-pre-exame-de-imagem\/formulario-pre-exame-cintilografia-do-miocardio\/\"]}]},{\"@type\":\"BreadcrumbList\",\"@id\":\"https:\/\/www.neuroscan.com.br\/2021\/formularios-pre-exame-de-imagem\/formulario-pre-exame-cintilografia-do-miocardio\/#breadcrumb\",\"itemListElement\":[{\"@type\":\"ListItem\",\"position\":1,\"name\":\"P\u00e1gina inicial\",\"item\":\"https:\/\/www.neuroscan.com.br\/2021\/\"},{\"@type\":\"ListItem\",\"position\":2,\"name\":\"Formul\u00e1rios Pr\u00e9-Exame\",\"item\":\"https:\/\/www.neuroscan.com.br\/2021\/formularios-pre-exame-de-imagem\/\"},{\"@type\":\"ListItem\",\"position\":3,\"name\":\"Formul\u00e1rio Pr\u00e9-exame &#8211; Cintilografia do Mioc\u00e1rdio\"}]},{\"@type\":\"WebSite\",\"@id\":\"https:\/\/www.neuroscan.com.br\/2021\/#website\",\"url\":\"https:\/\/www.neuroscan.com.br\/2021\/\",\"name\":\"Portal da Neuroscan\",\"description\":\"Cl\u00ednica de Diagn\u00f3stico por Imagem\",\"publisher\":{\"@id\":\"https:\/\/www.neuroscan.com.br\/2021\/#organization\"},\"potentialAction\":[{\"@type\":\"SearchAction\",\"target\":{\"@type\":\"EntryPoint\",\"urlTemplate\":\"https:\/\/www.neuroscan.com.br\/2021\/?s={search_term_string}\"},\"query-input\":\"required name=search_term_string\"}],\"inLanguage\":\"pt-BR\"},{\"@type\":\"Organization\",\"@id\":\"https:\/\/www.neuroscan.com.br\/2021\/#organization\",\"name\":\"Neuroscan\",\"url\":\"https:\/\/www.neuroscan.com.br\/2021\/\",\"logo\":{\"@type\":\"ImageObject\",\"inLanguage\":\"pt-BR\",\"@id\":\"https:\/\/www.neuroscan.com.br\/2021\/#\/schema\/logo\/image\/\",\"url\":\"http:\/\/www.neuroscan.com.br\/2021\/wp-content\/uploads\/2021\/08\/logo-neuroscan-transp.-copy-471x128-1.png\",\"contentUrl\":\"http:\/\/www.neuroscan.com.br\/2021\/wp-content\/uploads\/2021\/08\/logo-neuroscan-transp.-copy-471x128-1.png\",\"width\":471,\"height\":128,\"caption\":\"Neuroscan\"},\"image\":{\"@id\":\"https:\/\/www.neuroscan.com.br\/2021\/#\/schema\/logo\/image\/\"},\"sameAs\":[\"https:\/\/www.facebook.com\/Neuroscan-2411048528910469\/\",\"https:\/\/www.instagram.com\/neuroscan_rr\/\"]}]}<\/script>\n<!-- \/ Yoast SEO Premium plugin. -->","yoast_head_json":{"title":"Formul\u00e1rio Pr\u00e9-exame - Cintilografia do Mioc\u00e1rdio - Portal da Neuroscan","robots":{"index":"noindex","follow":"follow","max-snippet":"max-snippet:-1","max-image-preview":"max-image-preview:large","max-video-preview":"max-video-preview:-1"},"og_locale":"pt_BR","og_type":"article","og_title":"Formul\u00e1rio Pr\u00e9-exame - Cintilografia do Mioc\u00e1rdio","og_url":"https:\/\/www.neuroscan.com.br\/2021\/formularios-pre-exame-de-imagem\/formulario-pre-exame-cintilografia-do-miocardio\/","og_site_name":"Portal da Neuroscan","article_publisher":"https:\/\/www.facebook.com\/Neuroscan-2411048528910469\/","article_modified_time":"2021-10-28T00:52:16+00:00","twitter_card":"summary_large_image","schema":{"@context":"https:\/\/schema.org","@graph":[{"@type":"WebPage","@id":"https:\/\/www.neuroscan.com.br\/2021\/formularios-pre-exame-de-imagem\/formulario-pre-exame-cintilografia-do-miocardio\/","url":"https:\/\/www.neuroscan.com.br\/2021\/formularios-pre-exame-de-imagem\/formulario-pre-exame-cintilografia-do-miocardio\/","name":"Formul\u00e1rio Pr\u00e9-exame - Cintilografia do Mioc\u00e1rdio - Portal da Neuroscan","isPartOf":{"@id":"https:\/\/www.neuroscan.com.br\/2021\/#website"},"datePublished":"2021-10-28T00:32:29+00:00","dateModified":"2021-10-28T00:52:16+00:00","breadcrumb":{"@id":"https:\/\/www.neuroscan.com.br\/2021\/formularios-pre-exame-de-imagem\/formulario-pre-exame-cintilografia-do-miocardio\/#breadcrumb"},"inLanguage":"pt-BR","potentialAction":[{"@type":"ReadAction","target":["https:\/\/www.neuroscan.com.br\/2021\/formularios-pre-exame-de-imagem\/formulario-pre-exame-cintilografia-do-miocardio\/"]}]},{"@type":"BreadcrumbList","@id":"https:\/\/www.neuroscan.com.br\/2021\/formularios-pre-exame-de-imagem\/formulario-pre-exame-cintilografia-do-miocardio\/#breadcrumb","itemListElement":[{"@type":"ListItem","position":1,"name":"P\u00e1gina inicial","item":"https:\/\/www.neuroscan.com.br\/2021\/"},{"@type":"ListItem","position":2,"name":"Formul\u00e1rios Pr\u00e9-Exame","item":"https:\/\/www.neuroscan.com.br\/2021\/formularios-pre-exame-de-imagem\/"},{"@type":"ListItem","position":3,"name":"Formul\u00e1rio Pr\u00e9-exame &#8211; Cintilografia do Mioc\u00e1rdio"}]},{"@type":"WebSite","@id":"https:\/\/www.neuroscan.com.br\/2021\/#website","url":"https:\/\/www.neuroscan.com.br\/2021\/","name":"Portal da Neuroscan","description":"Cl\u00ednica de Diagn\u00f3stico por Imagem","publisher":{"@id":"https:\/\/www.neuroscan.com.br\/2021\/#organization"},"potentialAction":[{"@type":"SearchAction","target":{"@type":"EntryPoint","urlTemplate":"https:\/\/www.neuroscan.com.br\/2021\/?s={search_term_string}"},"query-input":"required name=search_term_string"}],"inLanguage":"pt-BR"},{"@type":"Organization","@id":"https:\/\/www.neuroscan.com.br\/2021\/#organization","name":"Neuroscan","url":"https:\/\/www.neuroscan.com.br\/2021\/","logo":{"@type":"ImageObject","inLanguage":"pt-BR","@id":"https:\/\/www.neuroscan.com.br\/2021\/#\/schema\/logo\/image\/","url":"http:\/\/www.neuroscan.com.br\/2021\/wp-content\/uploads\/2021\/08\/logo-neuroscan-transp.-copy-471x128-1.png","contentUrl":"http:\/\/www.neuroscan.com.br\/2021\/wp-content\/uploads\/2021\/08\/logo-neuroscan-transp.-copy-471x128-1.png","width":471,"height":128,"caption":"Neuroscan"},"image":{"@id":"https:\/\/www.neuroscan.com.br\/2021\/#\/schema\/logo\/image\/"},"sameAs":["https:\/\/www.facebook.com\/Neuroscan-2411048528910469\/","https:\/\/www.instagram.com\/neuroscan_rr\/"]}]}},"_links":{"self":[{"href":"https:\/\/www.neuroscan.com.br\/2021\/wp-json\/wp\/v2\/pages\/3544"}],"collection":[{"href":"https:\/\/www.neuroscan.com.br\/2021\/wp-json\/wp\/v2\/pages"}],"about":[{"href":"https:\/\/www.neuroscan.com.br\/2021\/wp-json\/wp\/v2\/types\/page"}],"author":[{"embeddable":true,"href":"https:\/\/www.neuroscan.com.br\/2021\/wp-json\/wp\/v2\/users\/1"}],"replies":[{"embeddable":true,"href":"https:\/\/www.neuroscan.com.br\/2021\/wp-json\/wp\/v2\/comments?post=3544"}],"version-history":[{"count":7,"href":"https:\/\/www.neuroscan.com.br\/2021\/wp-json\/wp\/v2\/pages\/3544\/revisions"}],"predecessor-version":[{"id":3552,"href":"https:\/\/www.neuroscan.com.br\/2021\/wp-json\/wp\/v2\/pages\/3544\/revisions\/3552"}],"up":[{"embeddable":true,"href":"https:\/\/www.neuroscan.com.br\/2021\/wp-json\/wp\/v2\/pages\/3529"}],"wp:attachment":[{"href":"https:\/\/www.neuroscan.com.br\/2021\/wp-json\/wp\/v2\/media?parent=3544"}],"curies":[{"name":"wp","href":"https:\/\/api.w.org\/{rel}","templated":true}]}}